mmon factor of 326 and 33216466?
326
Calculate the highest common divisor of 32 and 36173368.
8
Calculate the greatest common divisor of 65673082 and 95.
19
What is the highest common factor of 4090323 and 3237?
249
What is the greatest common factor of 7675 and 86267?
307
What is the greatest common factor of 5376 and 22829576?
56
Calculate the highest common divisor of 79 and 212735071.
79
What is the highest common factor of 23474 and 52431313?
1067
Calculate the highest common divisor of 351 and 1389231.
27
What is the greatest common divisor of 150092803 and 49?
7
Calculate the highest common divisor of 47320 and 328.
8
What is the greatest common factor of 1630379 and 16?
1
Calculate the highest common factor of 61367148 and 828.
36
What is the highest common divisor of 9431012 and 190440?
2116
Calculate the highest common divisor of 1105 and 21929388.
221
What is the greatest common divisor of 44260846 and 2408?
602
Calculate the highest common divisor of 12 and 32265276.
12
What is the greatest common factor of 266547700 and 428?
428
Calculate the highest common factor of 3262231340 and 1340.
1340
Calculate the highest common divisor of 1310442 and 29274.
1722
What is the highest common divisor of 10066 and 61920999?
5033
What is the greatest common factor of 144074 and 28454?
82
Calculate the greatest common divisor of 7 and 79723021.
7
Calculate the greatest common divisor of 472484 and 29356.
164
What is the greatest common factor of 2263743 and 7?
1
Calculate the highest common factor of 10654908 and 87450.
3498
What is the highest common divisor of 2205 and 1394785?
245
What is the greatest common divisor of 56374 and 580414?
794
Calculate the highest common factor of 595 and 448018595.
85
Calculate the greatest common divisor of 776114677 and 13.
13
Calculate the highest common divisor of 9308496 and 3.
3
What is the highest common factor of 295667 and 1708?
61
Calculate the greatest common divisor of 73250490 and 750.
30
What is the highest common factor of 10625 and 106675?
425
Calculate the greatest common divisor of 517 and 127981.
47
What is the highest common divisor of 988512 and 15456?
672
What is the highest common factor of 12886 and 2724862?
34
What is the greatest common divisor of 1920 and 80462?
2
What is the highest common divisor of 51246 and 8247759?
2847
What is the highest common factor of 358 and 89495883?
179
Calculate the highest common factor of 6266403 and 97929.
1053
What is the greatest common factor of 2419512 and 374928?
1752
Calculate the greatest common divisor of 15114 and 5544.
66
Calculate the greatest common divisor of 759 and 1447919.
253
Calculate the highest common divisor of 2949449 and 527.
17
What is the highest common factor of 13 and 44363982?
13
What is the highest common divisor of 44570430 and 66?
6
What is the highest common factor of 1700 and 10262900?
1700
What is the greatest common factor of 8869 and 55?
1
What is the highest common divisor of 39277926 and 108?
54
What is the greatest common divisor of 4789 and 856598852?
4789
Calculate the greatest common factor of 6942 and 3837413.
89
What is the greatest common divisor of 58277 and 961859?
577
What is the highest common factor of 342390552 and 672?
168
Calculate the highest common factor of 1270312 and 107088.
776
Calculate the greatest common factor of 78 and 43098939.
39
Calculate the greatest common factor of 5909 and 15523.
19
What is the highest common divisor of 29156 and 14800?
148
What is the highest common divisor of 2758 and 83034?
14
Calculate the highest common divisor of 47864334 and 18354.
966
What is the highest common factor of 2 and 3021734?
2
What is the greatest common factor of 18 and 72573714?
18
Calculate the greatest common divisor of 117375 and 2225.
25
What is the highest common factor of 1987958 and 25628?
298
What is the highest common factor of 4411398 and 122?
122
What is the highest common factor of 10802 and 923098?
22
What is the highest common divisor of 73944 and 2014168?
104
Calculate the highest common factor of 267 and 1826506238.
89
Calculate the highest common factor of 1718 and 833455058.
1718
What is the highest common divisor of 2621720 and 7300?
20
Calculate the highest common divisor of 13625 and 158753050.
2725
What is the highest common factor of 20768561 and 1573?
121
What is the highest common divisor of 2422944 and 1410?
282
What is the highest common divisor of 43529 and 34523?
1501
What is the greatest common factor of 114248672 and 80?
16
Calculate the highest common factor of 23694 and 13975152.
2154
What is the highest common divisor of 1879464 and 9?
3
What is the greatest common divisor of 49312 and 29164?
92
What is the highest common divisor of 2486899 and 12067?
1097
Calculate the highest common divisor of 2248920 and 290.
10
What is the highest common divisor of 713157232 and 310?
62
What is the greatest common factor of 738 and 64836?
18
Calculate the greatest common factor of 3687552 and 8976.
528
Calculate the highest common factor of 1007577 and 54.
9
Calculate the greatest common divisor of 12696 and 239729.
23
Calculate the highest common divisor of 154242319 and 2702.
1351
Calculate the greatest common divisor of 41810084 and 8.
4
What is the greatest common factor of 41322 and 153066?
582
What is the highest common factor of 215476 and 1463354?
1046
Calculate the greatest common factor of 544 and 1884331.
17
What is the greatest common divisor of 18471 and 8663040?
141
Calculate the greatest common factor of 28055 and 548514.
31
Calculate the highest common factor of 24597 and 186246.
27
Calculate the greatest common divisor of 21556789 and 11563.
373
What is the highest common factor of 1627470 and 1177?
107
What is the highest common divisor of 15398200 and 15800?
200
What is the highest common divisor of 429 and 3241667?
143
What is the greatest common divisor of 1416 and 1109908?
236
What is the highest common divisor of 4094 and 15587146?
46
What is the highest common divisor of 10187 and 133712?
61
What is the greatest common divisor of 40 and 620771130?
10
What is the greatest common divisor of 3234 and 36359862?
3234
Calculate the greatest common divisor of 79 and 1617999.
79
Calculate the greatest common divisor of 1520 and 216852016.
304
Calculate the greatest common factor of 531 and 19886346.
9
What is the greatest common factor of 54 and 8626158?
18
Calculate the greatest common divisor of 1696 and 112409184.
1696
Calculate the highest common factor of 64866351 and 363.
33
What is the highest common divisor of 120172872 and 1824?
456
What is the greatest common divisor of 26156 and 2776332?
52
What is the highest common factor of 3208 and 25726957?
401
What is the greatest common factor of 79250272 and 4089?
1363
Calculate the highest common divisor of 2664 and 423264.
24
What is the highest common divisor of 296 and 10186744?
8
Calculate the highest common factor of 1441 and 56276.
11
What is the greatest common divisor of 26176152 and 11650?
466
What is the highest common divisor of 20880 and 3968592?
1392
What is the greatest common factor of 399 and 109884334?
133
What is the greatest common divisor of 153 and 1849788?
9
Calculate the highest common factor of 141 and 132507241.
47
What is the highest common divisor of 140 and 97608994?
14
Calculate the greatest common factor of 87097317 and 129.
129
What is the greatest common divisor of 162603 and 233247?
609
What is the greatest common divisor of 18 and 13078278?
18
Calculate the highest common factor of 22074 and 20319.
39
Calculate the greatest common divisor of 17015864 and 16.
8
Calculate the highest common divisor of 1451408 and 1736.
56
What is the greatest common factor of 350 and 8316850?
50
What is the highest common factor of 81610 and 4205?
5
Calculate the greatest common divisor of 5280 and 11608509.
33
What is the highest common divisor of 1533 and 1010982?
21
What is the highest common factor of 45064 and 5291752?
344
What is the highest common divisor of 4263180 and 2370?
30
What is the greatest common divisor of 1120534245 and 45?
45
Calculate the greatest common divisor of 164012660 and 14.
14
Calculate the highest common divisor of 384 and 6997632.
384
What is the great